{"id":21,"date":"2025-08-25T15:23:09","date_gmt":"2025-08-25T13:23:09","guid":{"rendered":"https:\/\/www.materna-france.fr\/?page_id=21"},"modified":"2026-03-18T15:12:04","modified_gmt":"2026-03-18T14:12:04","slug":"politique-de-confidentialite","status":"publish","type":"page","link":"https:\/\/www.materna-france.fr\/en\/privacy-policy\/","title":{"rendered":"Privacy Policy"},"content":{"rendered":"<section class=\"wp-block-group alignfull has-global-padding is-layout-constrained wp-container-core-group-is-layout-5a30f31b wp-block-group-is-layout-constrained\">\n<div class=\"wp-block-group radius-50 blueDots blocblanc hero animate-on-scroll fade-up has-contrast-2-color has-base-background-color has-text-color has-background has-link-color wp-elements-41a57086a56bbaf0f548bd1ec121ba3a has-global-padding is-layout-constrained wp-container-core-group-is-layout-0d72ef2b wp-block-group-is-layout-constrained\" style=\"margin-top:0;margin-bottom:0\">\n<div class=\"wp-block-group has-global-padding is-layout-constrained wp-container-core-group-is-layout-67dda5b4 wp-block-group-is-layout-constrained\" style=\"padding-top:0;padding-right:0;padding-bottom:0;padding-left:0\">\n<h1 class=\"wp-block-heading has-text-align-center\" id=\"politique-de-confidentialite\">Politique de <strong>confidentialit\u00e9<\/strong><\/h1>\n<\/div>\n<\/div>\n<\/section>\n\n\n\n<div class=\"wp-block-group has-global-padding is-layout-constrained wp-block-group-is-layout-constrained\">\n<h2 class=\"wp-block-heading\" id=\"1-introduction\">1. Introduction<\/h2>\n\n\n\n<p>La protection de votre vie priv\u00e9e est essentielle pour nous. Nous nous engageons \u00e0 respecter la confidentialit\u00e9 de vos donn\u00e9es personnelles et \u00e0 les traiter de mani\u00e8re transparente et s\u00e9curis\u00e9e.<\/p>\n\n\n\n<h2 class=\"wp-block-heading\" id=\"2-informations-collectees\">2. Informations collect\u00e9es<\/h2>\n\n\n\n<p>Nous recueillons des informations vous concernant dans le cadre de vos interactions avec notre site ou nos services. Les types de donn\u00e9es collect\u00e9es peuvent inclure :<\/p>\n\n\n\n<ul class=\"wp-block-list\">\n<li>Nom et pr\u00e9nom<\/li>\n\n\n\n<li>Adresse email<\/li>\n\n\n\n<li>Nom d\\&rsquo;entreprise \/ raison sociale<\/li>\n\n\n\n<li>Adresse IP<\/li>\n\n\n\n<li>Type de navigateur et version<\/li>\n\n\n\n<li>Pages visit\u00e9es<\/li>\n\n\n\n<li>Cookies et pr\u00e9f\u00e9rences de navigation<\/li>\n\n\n\n<li>Donn\u00e9es analytiques<\/li>\n\n\n\n<li>Messages via formulaire<\/li>\n<\/ul>\n\n\n\n<p>Ces informations sont collect\u00e9es au travers de formulaires, de vos interactions avec notre site ou de fichiers journaux et cookies, dans le respect de la l\u00e9gislation en vigueur.<\/p>\n\n\n\n<h2 class=\"wp-block-heading\" id=\"3-finalites-du-traitement\">3. Finalit\u00e9s du traitement<\/h2>\n\n\n\n<p>Vos donn\u00e9es sont utilis\u00e9es uniquement pour :<\/p>\n\n\n\n<ul class=\"wp-block-list\">\n<li>Support et contact client<\/li>\n\n\n\n<li>Conservation l\u00e9gale et conformit\u00e9<\/li>\n<\/ul>\n\n\n\n<h2 class=\"wp-block-heading\" id=\"4-droits-des-utilisateurs\">4. Droits des utilisateurs<\/h2>\n\n\n\n<p>Vous disposez de plusieurs droits sur vos donn\u00e9es personnelles :<\/p>\n\n\n\n<ul class=\"wp-block-list\">\n<li><strong>Droit d\u2019opposition<\/strong>&nbsp;: vous pouvez refuser que vos donn\u00e9es soient utilis\u00e9es \u00e0 certaines fins (ex : marketing).<\/li>\n\n\n\n<li><strong>Droit de retrait<\/strong>&nbsp;: vous pouvez demander la suppression de vos informations de nos listes de diffusion.<\/li>\n\n\n\n<li><strong>Droit d\u2019acc\u00e8s et de rectification<\/strong>&nbsp;: vous pouvez consulter, corriger ou supprimer les informations vous concernant.<\/li>\n<\/ul>\n\n\n\n<p><strong>Pour exercer ces droits :<\/strong><\/p>\n\n\n\n<p>Courriel :&nbsp;<a href=\"mailto:contact@materna-france.fr\">contact@materna-france.fr<\/a><\/p>\n\n\n\n<p>T\u00e9l\u00e9phone :&nbsp;<a href=\"tel:+33344915960\">03 44 91 59 60<\/a><\/p>\n\n\n\n<h2 class=\"wp-block-heading\" id=\"5-securite\">5. S\u00e9curit\u00e9<\/h2>\n\n\n\n<p>Nous mettons en \u0153uvre toutes les mesures techniques et organisationnelles appropri\u00e9es pour prot\u00e9ger vos informations :<\/p>\n\n\n\n<ul class=\"wp-block-list\">\n<li>Protocole SSL \/ HTTPS<\/li>\n\n\n\n<li>Authentification s\u00e9curis\u00e9e<\/li>\n\n\n\n<li>Contr\u00f4le des acc\u00e8s<\/li>\n\n\n\n<li>Sauvegardes r\u00e9guli\u00e8res<\/li>\n\n\n\n<li>Pare-feu<\/li>\n\n\n\n<li>Chiffrement des donn\u00e9es<\/li>\n\n\n\n<li>Mises \u00e0 jour de s\u00e9curit\u00e9<\/li>\n\n\n\n<li>Surveillance des intrusions<\/li>\n\n\n\n<li>Logs de s\u00e9curit\u00e9<\/li>\n\n\n\n<li>Anonymisation des donn\u00e9es<\/li>\n<\/ul>\n\n\n\n<p>Bien que nous fassions tout notre possible pour s\u00e9curiser vos donn\u00e9es, aucun syst\u00e8me n\u2019est totalement infaillible lors de l\u2019utilisation d\u2019Internet.<\/p>\n\n\n\n<h2 class=\"wp-block-heading\" id=\"6-cadre-legal\">6. Cadre l\u00e9gal<\/h2>\n\n\n\n<p>Nous respectons les dispositions l\u00e9gislatives suivantes :<\/p>\n\n\n\n<ul class=\"wp-block-list\">\n<li><a href=\"https:\/\/www.cnil.fr\/fr\/reglement-europeen-protection-donnees\" target=\"_blank\" rel=\"noreferrer noopener\">R\u00e8glement UE 2016\/679 (RGPD)<\/a><\/li>\n\n\n\n<li><a href=\"https:\/\/www.legifrance.gouv.fr\/loda\/id\/JORFTEXT000000886460\/\" target=\"_blank\" rel=\"noreferrer noopener\">Loi Informatique et Libert\u00e9s du 6 janvier 1978<\/a><\/li>\n<\/ul>\n\n\n\n<p>Vos donn\u00e9es sont trait\u00e9es avec le plus grand soin, conform\u00e9ment \u00e0 la r\u00e9glementation en vigueur, afin de garantir votre confidentialit\u00e9 et votre s\u00e9curit\u00e9.<\/p>\n<\/div>","protected":false},"excerpt":{"rendered":"<p>Politique de confidentialit\u00e9 1. Introduction La protection de votre vie priv\u00e9e est essentielle pour nous. Nous nous engageons \u00e0 respecter la confidentialit\u00e9 de vos donn\u00e9es personnelles et \u00e0 les traiter de mani\u00e8re transparente et s\u00e9curis\u00e9e. 2. Informations collect\u00e9es Nous recueillons des informations vous concernant dans le cadre de vos interactions avec notre site ou nos [&hellip;]<\/p>\n","protected":false},"author":1,"featured_media":0,"parent":0,"menu_order":20,"comment_status":"closed","ping_status":"closed","template":"","meta":{"_acf_changed":false,"footnotes":""},"class_list":["post-21","page","type-page","status-publish","hentry"],"acf":[],"yoast_head":"<!-- This site is optimized with the Yoast SEO plugin v27.2 - https:\/\/yoast.com\/product\/yoast-seo-wordpress\/ -->\n<title>Politique de confidentialit\u00e9 - Materna<\/title>\n<meta name=\"robots\" content=\"index, follow, max-snippet:-1, max-image-preview:large, max-video-preview:-1\" \/>\n<link rel=\"canonical\" href=\"https:\/\/www.materna-france.fr\/en\/privacy-policy\/\" \/>\n<meta property=\"og:locale\" content=\"en_US\" \/>\n<meta property=\"og:type\" content=\"article\" \/>\n<meta property=\"og:title\" content=\"Politique de confidentialit\u00e9 - Materna\" \/>\n<meta property=\"og:description\" content=\"Politique de confidentialit\u00e9 1. Introduction La protection de votre vie priv\u00e9e est essentielle pour nous. Nous nous engageons \u00e0 respecter la confidentialit\u00e9 de vos donn\u00e9es personnelles et \u00e0 les traiter de mani\u00e8re transparente et s\u00e9curis\u00e9e. 2. Informations collect\u00e9es Nous recueillons des informations vous concernant dans le cadre de vos interactions avec notre site ou nos [&hellip;]\" \/>\n<meta property=\"og:url\" content=\"https:\/\/www.materna-france.fr\/en\/privacy-policy\/\" \/>\n<meta property=\"og:site_name\" content=\"Materna\" \/>\n<meta property=\"article:modified_time\" content=\"2026-03-18T14:12:04+00:00\" \/>\n<meta name=\"twitter:card\" content=\"summary_large_image\" \/>\n<meta name=\"twitter:label1\" content=\"Est. reading time\" \/>\n\t<meta name=\"twitter:data1\" content=\"2 minutes\" \/>\n<script type=\"application\/ld+json\" class=\"yoast-schema-graph\">{\"@context\":\"https:\/\/schema.org\",\"@graph\":[{\"@type\":\"WebPage\",\"@id\":\"https:\/\/www.materna-france.fr\/politique-de-confidentialite\/\",\"url\":\"https:\/\/www.materna-france.fr\/politique-de-confidentialite\/\",\"name\":\"Politique de confidentialit\u00e9 - Materna\",\"isPartOf\":{\"@id\":\"https:\/\/www.materna-france.fr\/#website\"},\"datePublished\":\"2025-08-25T13:23:09+00:00\",\"dateModified\":\"2026-03-18T14:12:04+00:00\",\"breadcrumb\":{\"@id\":\"https:\/\/www.materna-france.fr\/politique-de-confidentialite\/#breadcrumb\"},\"inLanguage\":\"en-US\",\"potentialAction\":[{\"@type\":\"ReadAction\",\"target\":[\"https:\/\/www.materna-france.fr\/politique-de-confidentialite\/\"]}]},{\"@type\":\"BreadcrumbList\",\"@id\":\"https:\/\/www.materna-france.fr\/politique-de-confidentialite\/#breadcrumb\",\"itemListElement\":[{\"@type\":\"ListItem\",\"position\":1,\"name\":\"Accueil\",\"item\":\"https:\/\/www.materna-france.fr\/\"},{\"@type\":\"ListItem\",\"position\":2,\"name\":\"Politique de confidentialit\u00e9\"}]},{\"@type\":\"WebSite\",\"@id\":\"https:\/\/www.materna-france.fr\/#website\",\"url\":\"https:\/\/www.materna-france.fr\/\",\"name\":\"Materna\",\"description\":\"Nourrir l&#039;avenir\",\"publisher\":{\"@id\":\"https:\/\/www.materna-france.fr\/#organization\"},\"potentialAction\":[{\"@type\":\"SearchAction\",\"target\":{\"@type\":\"EntryPoint\",\"urlTemplate\":\"https:\/\/www.materna-france.fr\/?s={search_term_string}\"},\"query-input\":{\"@type\":\"PropertyValueSpecification\",\"valueRequired\":true,\"valueName\":\"search_term_string\"}}],\"inLanguage\":\"en-US\"},{\"@type\":\"Organization\",\"@id\":\"https:\/\/www.materna-france.fr\/#organization\",\"name\":\"Materna\",\"url\":\"https:\/\/www.materna-france.fr\/\",\"logo\":{\"@type\":\"ImageObject\",\"inLanguage\":\"en-US\",\"@id\":\"https:\/\/www.materna-france.fr\/#\/schema\/logo\/image\/\",\"url\":\"https:\/\/www.materna-france.fr\/wp-content\/uploads\/2025\/11\/Materna_Logo_Horizontal.svg\",\"contentUrl\":\"https:\/\/www.materna-france.fr\/wp-content\/uploads\/2025\/11\/Materna_Logo_Horizontal.svg\",\"width\":468,\"height\":72,\"caption\":\"Materna\"},\"image\":{\"@id\":\"https:\/\/www.materna-france.fr\/#\/schema\/logo\/image\/\"}}]}<\/script>\n<!-- \/ Yoast SEO plugin. -->","yoast_head_json":{"title":"Politique de confidentialit\u00e9 - Materna","robots":{"index":"index","follow":"follow","max-snippet":"max-snippet:-1","max-image-preview":"max-image-preview:large","max-video-preview":"max-video-preview:-1"},"canonical":"https:\/\/www.materna-france.fr\/en\/privacy-policy\/","og_locale":"en_US","og_type":"article","og_title":"Politique de confidentialit\u00e9 - Materna","og_description":"Politique de confidentialit\u00e9 1. Introduction La protection de votre vie priv\u00e9e est essentielle pour nous. Nous nous engageons \u00e0 respecter la confidentialit\u00e9 de vos donn\u00e9es personnelles et \u00e0 les traiter de mani\u00e8re transparente et s\u00e9curis\u00e9e. 2. Informations collect\u00e9es Nous recueillons des informations vous concernant dans le cadre de vos interactions avec notre site ou nos [&hellip;]","og_url":"https:\/\/www.materna-france.fr\/en\/privacy-policy\/","og_site_name":"Materna","article_modified_time":"2026-03-18T14:12:04+00:00","twitter_card":"summary_large_image","twitter_misc":{"Est. reading time":"2 minutes"},"schema":{"@context":"https:\/\/schema.org","@graph":[{"@type":"WebPage","@id":"https:\/\/www.materna-france.fr\/politique-de-confidentialite\/","url":"https:\/\/www.materna-france.fr\/politique-de-confidentialite\/","name":"Politique de confidentialit\u00e9 - Materna","isPartOf":{"@id":"https:\/\/www.materna-france.fr\/#website"},"datePublished":"2025-08-25T13:23:09+00:00","dateModified":"2026-03-18T14:12:04+00:00","breadcrumb":{"@id":"https:\/\/www.materna-france.fr\/politique-de-confidentialite\/#breadcrumb"},"inLanguage":"en-US","potentialAction":[{"@type":"ReadAction","target":["https:\/\/www.materna-france.fr\/politique-de-confidentialite\/"]}]},{"@type":"BreadcrumbList","@id":"https:\/\/www.materna-france.fr\/politique-de-confidentialite\/#breadcrumb","itemListElement":[{"@type":"ListItem","position":1,"name":"Accueil","item":"https:\/\/www.materna-france.fr\/"},{"@type":"ListItem","position":2,"name":"Politique de confidentialit\u00e9"}]},{"@type":"WebSite","@id":"https:\/\/www.materna-france.fr\/#website","url":"https:\/\/www.materna-france.fr\/","name":"Materna","description":"Nourrir l&#039;avenir","publisher":{"@id":"https:\/\/www.materna-france.fr\/#organization"},"potentialAction":[{"@type":"SearchAction","target":{"@type":"EntryPoint","urlTemplate":"https:\/\/www.materna-france.fr\/?s={search_term_string}"},"query-input":{"@type":"PropertyValueSpecification","valueRequired":true,"valueName":"search_term_string"}}],"inLanguage":"en-US"},{"@type":"Organization","@id":"https:\/\/www.materna-france.fr\/#organization","name":"Materna","url":"https:\/\/www.materna-france.fr\/","logo":{"@type":"ImageObject","inLanguage":"en-US","@id":"https:\/\/www.materna-france.fr\/#\/schema\/logo\/image\/","url":"https:\/\/www.materna-france.fr\/wp-content\/uploads\/2025\/11\/Materna_Logo_Horizontal.svg","contentUrl":"https:\/\/www.materna-france.fr\/wp-content\/uploads\/2025\/11\/Materna_Logo_Horizontal.svg","width":468,"height":72,"caption":"Materna"},"image":{"@id":"https:\/\/www.materna-france.fr\/#\/schema\/logo\/image\/"}}]}},"_links":{"self":[{"href":"https:\/\/www.materna-france.fr\/en\/wp-json\/wp\/v2\/pages\/21","targetHints":{"allow":["GET"]}}],"collection":[{"href":"https:\/\/www.materna-france.fr\/en\/wp-json\/wp\/v2\/pages"}],"about":[{"href":"https:\/\/www.materna-france.fr\/en\/wp-json\/wp\/v2\/types\/page"}],"author":[{"embeddable":true,"href":"https:\/\/www.materna-france.fr\/en\/wp-json\/wp\/v2\/users\/1"}],"replies":[{"embeddable":true,"href":"https:\/\/www.materna-france.fr\/en\/wp-json\/wp\/v2\/comments?post=21"}],"version-history":[{"count":0,"href":"https:\/\/www.materna-france.fr\/en\/wp-json\/wp\/v2\/pages\/21\/revisions"}],"wp:attachment":[{"href":"https:\/\/www.materna-france.fr\/en\/wp-json\/wp\/v2\/media?parent=21"}],"curies":[{"name":"wp","href":"https:\/\/api.w.org\/{rel}","templated":true}]}}

<section class="wp-block-group alignfull has-global-padding is-layout-constrained wp-container-core-group-is-layout-5a30f31b wp-block-group-is-layout-constrained">
<div class="wp-block-group radius-50 blueDots blocblanc hero animate-on-scroll fade-up has-contrast-2-color has-base-background-color has-text-color has-background has-link-color wp-elements-41a57086a56bbaf0f548bd1ec121ba3a has-global-padding is-layout-constrained wp-container-core-group-is-layout-0d72ef2b wp-block-group-is-layout-constrained" style="margin-top:0;margin-bottom:0">
<div class="wp-block-group has-global-padding is-layout-constrained wp-container-core-group-is-layout-67dda5b4 wp-block-group-is-layout-constrained" style="padding-top:0;padding-right:0;padding-bottom:0;padding-left:0">
<h1 class="wp-block-heading has-text-align-center" id="politique-de-confidentialite">Politique de <strong>confidentialité</strong></h1>
</div>
</div>
</section>



<div class="wp-block-group has-global-padding is-layout-constrained wp-block-group-is-layout-constrained">
<h2 class="wp-block-heading" id="1-introduction">1. Introduction</h2>



<p>La protection de votre vie privée est essentielle pour nous. Nous nous engageons à respecter la confidentialité de vos données personnelles et à les traiter de manière transparente et sécurisée.</p>



<h2 class="wp-block-heading" id="2-informations-collectees">2. Informations collectées</h2>



<p>Nous recueillons des informations vous concernant dans le cadre de vos interactions avec notre site ou nos services. Les types de données collectées peuvent inclure :</p>



<ul class="wp-block-list">
<li>Nom et prénom</li>



<li>Adresse email</li>



<li>Nom d\&rsquo;entreprise / raison sociale</li>



<li>Adresse IP</li>



<li>Type de navigateur et version</li>



<li>Pages visitées</li>



<li>Cookies et préférences de navigation</li>



<li>Données analytiques</li>



<li>Messages via formulaire</li>
</ul>



<p>Ces informations sont collectées au travers de formulaires, de vos interactions avec notre site ou de fichiers journaux et cookies, dans le respect de la législation en vigueur.</p>



<h2 class="wp-block-heading" id="3-finalites-du-traitement">3. Finalités du traitement</h2>



<p>Vos données sont utilisées uniquement pour :</p>



<ul class="wp-block-list">
<li>Support et contact client</li>



<li>Conservation légale et conformité</li>
</ul>



<h2 class="wp-block-heading" id="4-droits-des-utilisateurs">4. Droits des utilisateurs</h2>



<p>Vous disposez de plusieurs droits sur vos données personnelles :</p>



<ul class="wp-block-list">
<li><strong>Droit d’opposition</strong>&nbsp;: vous pouvez refuser que vos données soient utilisées à certaines fins (ex : marketing).</li>



<li><strong>Droit de retrait</strong>&nbsp;: vous pouvez demander la suppression de vos informations de nos listes de diffusion.</li>



<li><strong>Droit d’accès et de rectification</strong>&nbsp;: vous pouvez consulter, corriger ou supprimer les informations vous concernant.</li>
</ul>



<p><strong>Pour exercer ces droits :</strong></p>



<p>Courriel :&nbsp;<a href="mailto:contact@materna-france.fr">contact@materna-france.fr</a></p>



<p>Téléphone :&nbsp;<a href="tel:+33344915960">03 44 91 59 60</a></p>



<h2 class="wp-block-heading" id="5-securite">5. Sécurité</h2>



<p>Nous mettons en œuvre toutes les mesures techniques et organisationnelles appropriées pour protéger vos informations :</p>



<ul class="wp-block-list">
<li>Protocole SSL / HTTPS</li>



<li>Authentification sécurisée</li>



<li>Contrôle des accès</li>



<li>Sauvegardes régulières</li>



<li>Pare-feu</li>



<li>Chiffrement des données</li>



<li>Mises à jour de sécurité</li>



<li>Surveillance des intrusions</li>



<li>Logs de sécurité</li>



<li>Anonymisation des données</li>
</ul>



<p>Bien que nous fassions tout notre possible pour sécuriser vos données, aucun système n’est totalement infaillible lors de l’utilisation d’Internet.</p>



<h2 class="wp-block-heading" id="6-cadre-legal">6. Cadre légal</h2>



<p>Nous respectons les dispositions législatives suivantes :</p>



<ul class="wp-block-list">
<li><a href="https://www.cnil.fr/fr/reglement-europeen-protection-donnees" target="_blank" rel="noreferrer noopener">Règlement UE 2016/679 (RGPD)</a></li>



<li><a href="https://www.legifrance.gouv.fr/loda/id/JORFTEXT000000886460/" target="_blank" rel="noreferrer noopener">Loi Informatique et Libertés du 6 janvier 1978</a></li>
</ul>



<p>Vos données sont traitées avec le plus grand soin, conformément à la réglementation en vigueur, afin de garantir votre confidentialité et votre sécurité.</p>
</div>

<p>Politique de confidentialité 1. Introduction La protection de votre vie privée est essentielle pour nous. Nous nous engageons à respecter la confidentialité de vos données personnelles et à les traiter de manière transparente et sécurisée. 2. Informations collectées Nous recueillons des informations vous concernant dans le cadre de vos interactions avec notre site ou nos [&hellip;]</p>

<!-- This site is optimized with the Yoast SEO plugin v27.2 - https://yoast.com/product/yoast-seo-wordpress/ -->
<title>Politique de confidentialité - Materna</title>
<meta name="robots" content="index, follow, max-snippet:-1, max-image-preview:large, max-video-preview:-1" />
<link rel="canonical" href="https://www.materna-france.fr/en/privacy-policy/" />
<meta property="og:locale" content="en_US" />
<meta property="og:type" content="article" />
<meta property="og:title" content="Politique de confidentialité - Materna" />
<meta property="og:description" content="Politique de confidentialité 1. Introduction La protection de votre vie privée est essentielle pour nous. Nous nous engageons à respecter la confidentialité de vos données personnelles et à les traiter de manière transparente et sécurisée. 2. Informations collectées Nous recueillons des informations vous concernant dans le cadre de vos interactions avec notre site ou nos [&hellip;]" />
<meta property="og:url" content="https://www.materna-france.fr/en/privacy-policy/" />
<meta property="og:site_name" content="Materna" />
<meta property="article:modified_time" content="2026-03-18T14:12:04+00:00" />
<meta name="twitter:card" content="summary_large_image" />
<meta name="twitter:label1" content="Est. reading time" />
	<meta name="twitter:data1" content="2 minutes" />
<script type="application/ld+json" class="yoast-schema-graph">{"@context":"https://schema.org","@graph":[{"@type":"WebPage","@id":"https://www.materna-france.fr/politique-de-confidentialite/","url":"https://www.materna-france.fr/politique-de-confidentialite/","name":"Politique de confidentialité - Materna","isPartOf":{"@id":"https://www.materna-france.fr/#website"},"datePublished":"2025-08-25T13:23:09+00:00","dateModified":"2026-03-18T14:12:04+00:00","breadcrumb":{"@id":"https://www.materna-france.fr/politique-de-confidentialite/#breadcrumb"},"inLanguage":"en-US","potentialAction":[{"@type":"ReadAction","target":["https://www.materna-france.fr/politique-de-confidentialite/"]}]},{"@type":"BreadcrumbList","@id":"https://www.materna-france.fr/politique-de-confidentialite/#breadcrumb","itemListElement":[{"@type":"ListItem","position":1,"name":"Accueil","item":"https://www.materna-france.fr/"},{"@type":"ListItem","position":2,"name":"Politique de confidentialité"}]},{"@type":"WebSite","@id":"https://www.materna-france.fr/#website","url":"https://www.materna-france.fr/","name":"Materna","description":"Nourrir l&#039;avenir","publisher":{"@id":"https://www.materna-france.fr/#organization"},"potentialAction":[{"@type":"SearchAction","target":{"@type":"EntryPoint","urlTemplate":"https://www.materna-france.fr/?s={search_term_string}"},"query-input":{"@type":"PropertyValueSpecification","valueRequired":true,"valueName":"search_term_string"}}],"inLanguage":"en-US"},{"@type":"Organization","@id":"https://www.materna-france.fr/#organization","name":"Materna","url":"https://www.materna-france.fr/","logo":{"@type":"ImageObject","inLanguage":"en-US","@id":"https://www.materna-france.fr/#/schema/logo/image/","url":"https://www.materna-france.fr/wp-content/uploads/2025/11/Materna_Logo_Horizontal.svg","contentUrl":"https://www.materna-france.fr/wp-content/uploads/2025/11/Materna_Logo_Horizontal.svg","width":468,"height":72,"caption":"Materna"},"image":{"@id":"https://www.materna-france.fr/#/schema/logo/image/"}}]}</script>
<!-- / Yoast SEO plugin. -->

Politique de confidentialité - Materna

Politique de confidentialité 1. Introduction La protection de votre vie privée est essentielle pour nous. Nous nous engageons à respecter la confidentialité de vos données personnelles et à les traiter de manière transparente et sécurisée. 2. Informations collectées Nous recueillons des informations vous concernant dans le cadre de vos interactions avec notre site ou nos [&hellip;]

Politique de confidentialité
